when 7484 is divided by 70.
64
Calculate the remainder when 883 is divided by 85.
33
Calculate the remainder when 694 is divided by 58.
56
Calculate the remainder when 235 is divided by 183.
52
Calculate the remainder when 372 is divided by 10.
2
What is the remainder when 202 is divided by 47?
14
Calculate the remainder when 219 is divided by 27.
3
Calculate the remainder when 50 is divided by 27.
23
What is the remainder when 41 is divided by 30?
11
What is the remainder when 84 is divided by 11?
7
Calculate the remainder when 282 is divided by 231.
51
Calculate the remainder when 4615 is divided by 81.
79
Calculate the remainder when 742 is divided by 24.
22
What is the remainder when 149 is divided by 29?
4
Calculate the remainder when 39 is divided by 11.
6
What is the remainder when 408 is divided by 197?
14
Calculate the remainder when 1094 is divided by 225.
194
Calculate the remainder when 3850 is divided by 960.
10
What is the remainder when 13197 is divided by 197?
195
Calculate the remainder when 116 is divided by 5.
1
What is the remainder when 171 is divided by 80?
11
Calculate the remainder when 32 is divided by 3.
2
What is the remainder when 238 is divided by 19?
10
Calculate the remainder when 864 is divided by 44.
28
Calculate the remainder when 192 is divided by 26.
10
What is the remainder when 138 is divided by 10?
8
Calculate the remainder when 132 is divided by 27.
24
Calculate the remainder when 118 is divided by 19.
4
What is the remainder when 3703 is divided by 47?
37
Calculate the remainder when 271 is divided by 65.
11
What is the remainder when 2729 is divided by 65?
64
Calculate the remainder when 134 is divided by 8.
6
What is the remainder when 130 is divided by 45?
40
What is the remainder when 12 is divided by 11?
1
Calculate the remainder when 23 is divided by 10.
3
What is the remainder when 219 is divided by 74?
71
Calculate the remainder when 250 is divided by 7.
5
Calculate the remainder when 108 is divided by 10.
8
Calculate the remainder when 12767 is divided by 28.
27
Calculate the remainder when 864 is divided by 244.
132
Calculate the remainder when 440 is divided by 225.
215
What is the remainder when 324 is divided by 170?
154
What is the remainder when 157 is divided by 153?
4
Calculate the remainder when 182 is divided by 38.
30
What is the remainder when 625 is divided by 33?
31
Calculate the remainder when 479 is divided by 30.
29
What is the remainder when 327 is divided by 4?
3
What is the remainder when 2097 is divided by 49?
39
Calculate the remainder when 5063 is divided by 1264.
7
Calculate the remainder when 119 is divided by 8.
7
Calculate the remainder when 8239 is divided by 13.
10
What is the remainder when 2000 is divided by 23?
22
What is the remainder when 340 is divided by 115?
110
Calculate the remainder when 937 is divided by 922.
15
Calculate the remainder when 2455 is divided by 40.
15
What is the remainder when 1010 is divided by 4?
2
Calculate the remainder when 7 is divided by 5.
2
What is the remainder when 830 is divided by 205?
10
Calculate the remainder when 1293 is divided by 81.
78
What is the remainder when 216 is divided by 73?
70
Calculate the remainder when 1262 is divided by 55.
52
Calculate the remainder when 2665 is divided by 86.
85
Calculate the remainder when 636 is divided by 98.
48
Calculate the remainder when 755 is divided by 131.
100
What is the remainder when 69809 is divided by 358?
357
What is the remainder when 868 is divided by 146?
138
What is the remainder when 70 is divided by 9?
7
Calculate the remainder when 394 is divided by 50.
44
Calculate the remainder when 23 is divided by 7.
2
Calculate the remainder when 178 is divided by 45.
43
What is the remainder when 5723 is divided by 53?
52
What is the remainder when 238 is divided by 31?
21
Calculate the remainder when 176 is divided by 60.
56
Calculate the remainder when 1070 is divided by 36.
26
Calculate the remainder when 693 is divided by 425.
268
Calculate the remainder when 7369 is divided by 11.
10
What is the remainder when 260 is divided by 187?
73
Calculate the remainder when 22123 is divided by 37.
34
Calculate the remainder when 772 is divided by 5.
2
What is the remainder when 131 is divided by 17?
12
Calculate the remainder when 295 is divided by 9.
7
What is the remainder when 241 is divided by 94?
53
Calculate the remainder when 46 is divided by 3.
1
What is the remainder when 6217 is divided by 6?
1
What is the remainder when 510 is divided by 169?
3
Calculate the remainder when 554 is divided by 287.
267
Calculate the remainder when 301 is divided by 116.
69
Calculate the remainder when 17089 is divided by 65.
59
Calculate the remainder when 382 is divided by 23.
14
What is the remainder when 879 is divided by 11?
10
What is the remainder when 831 is divided by 49?
47
What is the remainder when 33 is divided by 33?
0
Calculate the remainder when 11178 is divided by 119.
111
What is the remainder when 1733 is divided by 87?
80
What is the remainder when 5395 is divided by 19?
18
What is the remainder when 39722 is divided by 227?
224
What is the remainder when 8260 is divided by 153?
151
Calculate the remainder when 588 is divided by 162.
102
Calculate the remainder when 3184 is divided by 49.
48
Calculate the remainder when 339 is divided by 10.
9
What is the remainder when 141 is divided by 8?
5
Calculate the remainder when 762 is divided by 51.
48
Calculate the remainder when 16737 is divided by 45.
42
What is the remainder when 1427 is divided by 65?
62
What is the remainder when 14 is divided by 3?
2
Calculate the remainder when 1406 is divided by 465.
11
What is the remainder when 810 is divided by 37?
33
What is the remainder when 218 is divided by 35?
8
What is the remainder when 118 is divided by 11?
8
What is the remainder when 847 is divided by 108?
91
Calculate the remainder when 3586 is divided by 106.
88
What is the remainder when 4198 is divided by 40?
38
What is the remainder when 140 is divided by 45?
5
What is the remainder when 135 is divided by 38?
21
Calculate the remainder when 702 is divided by 348.
6
What is the remainder when 535 is divided by 132?
7
Calculate the remainder when 177 is divided by 10.
7
Calculate the remainder when 143 is divided by 12.
11
What is the remainder when 790 is divided by 234?
88
Calculate the remainder when 22 is divided by 3.
1
What is the remainder when 3419 is divided by 19?
18
Calculate the remainder when 226 is divided by 71.
13
Calculate the remainder when 5011 is divided by 152.
147
Calculate the remainder when 313 is divided by 45.
43
Calculate the remainder when 318 is divided by 3.
0
Calculate the remainder when 583 is divided by 15.
13
What is the remainder when 104 is divided by 27?
23
Calculate the remainder when 29901 is divided by 16.
13
Calculate the remainder when 188 is divided by 81.
26
Calculate the remainder when 6548 is divided by 2180.
8
What is the remainder when 9303 is divided by 4?
3
What is the remainder when 530 is divided by 59?
58
What is the remainder when 640 is divided by 6?
4
Calculate the remainder when 45757 is divided by 104.
101
What is the remainder when 1253 is divided by 66?
65
What is the remainder when 1072 is divided by 42?
22
Calculate the remainder when 992 is divided by 59.
48
Calculate the remainder when 58 is divided by 53.
5
Calculate the remainder when 1114 is divided by 62.
60
What is the remainder when 380 is divided by 77?
72
Calculate the remainder when 88 is divided by 29.
1
Calculate the remainder when 2688 is divided by 536.
8
What is the remainder when 778 is divided by 65?
63
Calculate the remainder when 762 is divided by 366.
30
Calculate the remainder when 2910 is divided by 41.
40
What is the remainder when 1883 is divided by 41?
38
Calculate the remainder when 146 is divided by 45.
11
Calculate the remainder when 96 is divided by 14.
12
What is the remainder when 124 is divided by 32?
28
Calculate the remainder when 726 is divided by 28.
26
What is the remainder when 609 is divided by 23?
11
What is the remainder when 465 is divided by 26?
23
What is the remainder when 144 is divided by 21?
18
Calculate the remainder when 71 is divided by 41.
30
Calcula